{"id":5090,"date":"2024-12-09T23:49:54","date_gmt":"2024-12-09T22:49:54","guid":{"rendered":"https:\/\/www.choeur-accord.com\/?page_id=5090"},"modified":"2024-12-09T23:49:55","modified_gmt":"2024-12-09T22:49:55","slug":"marche-de-noel-2024","status":"publish","type":"page","link":"https:\/\/www.choeur-accord.com\/index.php\/marche-de-noel-2024\/","title":{"rendered":"March\u00e9 de No\u00ebl 2024"},"content":{"rendered":"\n<p>Bonjour \u00e0 tous<br>Comme \u00e9voqu\u00e9 mardi soir, nous avons accept\u00e9 de participer au march\u00e9 de No\u00ebl de Trappes le 21\/12\/24 pour y chanter 5 titres :<br>j&#8217;irai ou tu iras, les rois du monde, encore un soir, sensualit\u00e9 et saute<\/p>\n\n\n\n<p>RDV sur le parvis de la Merise \u00e0 17h 17h15 max<br>Chant de 17h30 \u00e0 18h<\/p>\n\n\n\n<p>Merci de remplir le formulaire ci dessous en cliquant sur le lien<\/p>\n\n\n\n<p><a href=\"https:\/\/docs.google.com\/forms\/d\/e\/1FAIpQLSepZXHvW_h6KxKLZGB62_BNnNTnwiWOLsj04YMaDzlxGrzDRA\/viewform?usp=header\">https:\/\/docs.google.com\/forms\/d\/e\/1FAIpQLSepZXHvW_h6KxKLZGB62_BNnNTnwiWOLsj04YMaDzlxGrzDRA\/viewform?usp=header<\/a><\/p>\n\n\n\n<p>bonne soir\u00e9e, bonne repet demain soir<\/p>\n\n\n\n<p>Manue<\/p>\n\n\n\n<p><\/p>\n","protected":false},"excerpt":{"rendered":"<p>Bonjour \u00e0 tousComme \u00e9voqu\u00e9 mardi soir, nous avons accept\u00e9 de participer au march\u00e9 de No\u00ebl de Trappes le 21\/12\/24 pour y chanter 5 titres :j&#8217;irai ou tu iras, les rois du monde, encore un soir, sensualit\u00e9 et saute RDV sur le parvis de la Merise \u00e0 17h 17h15 maxChant de 17h30 \u00e0 18h Merci de &#8230; <a title=\"March\u00e9 de No\u00ebl 2024\" class=\"read-more\" href=\"https:\/\/www.choeur-accord.com\/index.php\/marche-de-noel-2024\/\" aria-label=\"En savoir plus sur March\u00e9 de No\u00ebl 2024\">Lire la suite<\/a><\/p>\n","protected":false},"author":2,"featured_media":0,"parent":0,"menu_order":0,"comment_status":"closed","ping_status":"closed","template":"","meta":{"footnotes":""},"class_list":["post-5090","page","type-page","status-publish"],"_links":{"self":[{"href":"https:\/\/www.choeur-accord.com\/index.php\/wp-json\/wp\/v2\/pages\/5090","targetHints":{"allow":["GET"]}}],"collection":[{"href":"https:\/\/www.choeur-accord.com\/index.php\/wp-json\/wp\/v2\/pages"}],"about":[{"href":"https:\/\/www.choeur-accord.com\/index.php\/wp-json\/wp\/v2\/types\/page"}],"author":[{"embeddable":true,"href":"https:\/\/www.choeur-accord.com\/index.php\/wp-json\/wp\/v2\/users\/2"}],"replies":[{"embeddable":true,"href":"https:\/\/www.choeur-accord.com\/index.php\/wp-json\/wp\/v2\/comments?post=5090"}],"version-history":[{"count":1,"href":"https:\/\/www.choeur-accord.com\/index.php\/wp-json\/wp\/v2\/pages\/5090\/revisions"}],"predecessor-version":[{"id":5091,"href":"https:\/\/www.choeur-accord.com\/index.php\/wp-json\/wp\/v2\/pages\/5090\/revisions\/5091"}],"wp:attachment":[{"href":"https:\/\/www.choeur-accord.com\/index.php\/wp-json\/wp\/v2\/media?parent=5090"}],"curies":[{"name":"wp","href":"https:\/\/api.w.org\/{rel}","templated":true}]}}

Marché de Noël 2024

<p>Bonjour à tous<br>Comme évoqué mardi soir, nous avons accepté de participer au marché de Noël de Trappes le 21/12/24 pour y chanter 5 titres :<br>j&#8217;irai ou tu iras, les rois du monde, encore un soir, sensualité et saute</p>



<p>RDV sur le parvis de la Merise à 17h 17h15 max<br>Chant de 17h30 à 18h</p>



<p>Merci de remplir le formulaire ci dessous en cliquant sur le lien</p>



<p><a href="https://docs.google.com/forms/d/e/1FAIpQLSepZXHvW_h6KxKLZGB62_BNnNTnwiWOLsj04YMaDzlxGrzDRA/viewform?usp=header">https://docs.google.com/forms/d/e/1FAIpQLSepZXHvW_h6KxKLZGB62_BNnNTnwiWOLsj04YMaDzlxGrzDRA/viewform?usp=header</a></p>



<p>bonne soirée, bonne repet demain soir</p>



<p>Manue</p>



<p></p>

<p>Bonjour à tousComme évoqué mardi soir, nous avons accepté de participer au marché de Noël de Trappes le 21/12/24 pour y chanter 5 titres :j&#8217;irai ou tu iras, les rois du monde, encore un soir, sensualité et saute RDV sur le parvis de la Merise à 17h 17h15 maxChant de 17h30 à 18h Merci de &#8230; <a title="Marché de Noël 2024" class="read-more" href="https://www.choeur-accord.com/index.php/marche-de-noel-2024/" aria-label="En savoir plus sur Marché de Noël 2024">Lire la suite</a></p>
