{"id":6050,"date":"2025-07-02T23:40:46","date_gmt":"2025-07-02T21:40:46","guid":{"rendered":"https:\/\/www.choeur-accord.com\/?page_id=6050"},"modified":"2025-07-03T01:30:52","modified_gmt":"2025-07-02T23:30:52","slug":"filage-jeudi-3-juillet","status":"publish","type":"page","link":"https:\/\/www.choeur-accord.com\/index.php\/filage-jeudi-3-juillet\/","title":{"rendered":"Filage jeudi 3 juillet"},"content":{"rendered":"\n<p>Jeudi RDV \u00e0 18h pour balance \u00e0 18h30 et g\u00e9n\u00e9rale \u00e0 20h habill\u00e9s, maquill\u00e9s. vous aurez mang\u00e9 entre 19 et 20h.<\/p>\n\n\n\n<p>La g\u00e9n\u00e9rale sera film\u00e9e surtout pour les plans serr\u00e9s, ne vous occupez pas de Jean Jacques, faites comme s&#8217;il n&#8217;\u00e9tait pas l\u00e0 m\u00eame s&#8217;il est proche de vous, il risque de passer dans les rangs, chose qu&#8217;il ne fera pas lors des concerts. Aussi jeudi il y aura probablement des changements de placement de derni\u00e8re minute.<\/p>\n","protected":false},"excerpt":{"rendered":"<p>Jeudi RDV \u00e0 18h pour balance \u00e0 18h30 et g\u00e9n\u00e9rale \u00e0 20h habill\u00e9s, maquill\u00e9s. vous aurez mang\u00e9 entre 19 et 20h. La g\u00e9n\u00e9rale sera film\u00e9e surtout pour les plans serr\u00e9s, ne vous occupez pas de Jean Jacques, faites comme s&#8217;il n&#8217;\u00e9tait pas l\u00e0 m\u00eame s&#8217;il est proche de vous, il risque de passer dans les &#8230; <a title=\"Filage jeudi 3 juillet\" class=\"read-more\" href=\"https:\/\/www.choeur-accord.com\/index.php\/filage-jeudi-3-juillet\/\" aria-label=\"En savoir plus sur Filage jeudi 3 juillet\">Lire la suite<\/a><\/p>\n","protected":false},"author":2,"featured_media":0,"parent":0,"menu_order":0,"comment_status":"closed","ping_status":"closed","template":"","meta":{"footnotes":""},"class_list":["post-6050","page","type-page","status-publish"],"_links":{"self":[{"href":"https:\/\/www.choeur-accord.com\/index.php\/wp-json\/wp\/v2\/pages\/6050","targetHints":{"allow":["GET"]}}],"collection":[{"href":"https:\/\/www.choeur-accord.com\/index.php\/wp-json\/wp\/v2\/pages"}],"about":[{"href":"https:\/\/www.choeur-accord.com\/index.php\/wp-json\/wp\/v2\/types\/page"}],"author":[{"embeddable":true,"href":"https:\/\/www.choeur-accord.com\/index.php\/wp-json\/wp\/v2\/users\/2"}],"replies":[{"embeddable":true,"href":"https:\/\/www.choeur-accord.com\/index.php\/wp-json\/wp\/v2\/comments?post=6050"}],"version-history":[{"count":2,"href":"https:\/\/www.choeur-accord.com\/index.php\/wp-json\/wp\/v2\/pages\/6050\/revisions"}],"predecessor-version":[{"id":6066,"href":"https:\/\/www.choeur-accord.com\/index.php\/wp-json\/wp\/v2\/pages\/6050\/revisions\/6066"}],"wp:attachment":[{"href":"https:\/\/www.choeur-accord.com\/index.php\/wp-json\/wp\/v2\/media?parent=6050"}],"curies":[{"name":"wp","href":"https:\/\/api.w.org\/{rel}","templated":true}]}}

<p>Jeudi RDV à 18h pour balance à 18h30 et générale à 20h habillés, maquillés. vous aurez mangé entre 19 et 20h.</p>



<p>La générale sera filmée surtout pour les plans serrés, ne vous occupez pas de Jean Jacques, faites comme s&#8217;il n&#8217;était pas là même s&#8217;il est proche de vous, il risque de passer dans les rangs, chose qu&#8217;il ne fera pas lors des concerts. Aussi jeudi il y aura probablement des changements de placement de dernière minute.</p>

<p>Jeudi RDV à 18h pour balance à 18h30 et générale à 20h habillés, maquillés. vous aurez mangé entre 19 et 20h. La générale sera filmée surtout pour les plans serrés, ne vous occupez pas de Jean Jacques, faites comme s&#8217;il n&#8217;était pas là même s&#8217;il est proche de vous, il risque de passer dans les &#8230; <a title="Filage jeudi 3 juillet" class="read-more" href="https://www.choeur-accord.com/index.php/filage-jeudi-3-juillet/" aria-label="En savoir plus sur Filage jeudi 3 juillet">Lire la suite</a></p>
